{"version":"1.0","provider_name":"Leinonen Estonia","provider_url":"https:\/\/leinonen.eu\/est\/fi\/","author_name":"Leinonen Estonia","author_url":"https:\/\/leinonen.eu\/est\/fi\/news\/author\/leinonen-estonia\/","title":"\u00c4lylaitteista peritt\u00e4v\u00e4 maksu eli yksityisen kopioinnin maksu &#8211; Leinonen Estonia","type":"rich","width":600,"height":338,"html":"<blockquote class=\"wp-embedded-content\" data-secret=\"5SOySEDGEr\"><a href=\"https:\/\/leinonen.eu\/est\/fi\/news\/alylaitteista-perittava-maksu-eli-yksityisen-kopioinnin-maksu\/\">\u00c4lylaitteista peritt\u00e4v\u00e4 maksu eli yksityisen kopioinnin maksu<\/a><\/blockquote><iframe sandbox=\"allow-scripts\" security=\"restricted\" src=\"https:\/\/leinonen.eu\/est\/fi\/news\/alylaitteista-perittava-maksu-eli-yksityisen-kopioinnin-maksu\/embed\/#?secret=5SOySEDGEr\" width=\"600\" height=\"338\" title=\"&#8221;\u00c4lylaitteista peritt\u00e4v\u00e4 maksu eli yksityisen kopioinnin maksu&#8221; &#8212; Leinonen Estonia\" data-secret=\"5SOySEDGEr\" frameborder=\"0\" marginwidth=\"0\" marginheight=\"0\" scrolling=\"no\" class=\"wp-embedded-content\"><\/iframe><script>\n\/*! This file is auto-generated *\/\n!function(d,l){\"use strict\";l.querySelector&&d.addEventListener&&\"undefined\"!=typeof URL&&(d.wp=d.wp||{},d.wp.receiveEmbedMessage||(d.wp.receiveEmbedMessage=function(e){var t=e.data;if((t||t.secret||t.message||t.value)&&!\/[^a-zA-Z0-9]\/.test(t.secret)){for(var s,r,n,a=l.querySelectorAll('iframe[data-secret=\"'+t.secret+'\"]'),o=l.querySelectorAll('blockquote[data-secret=\"'+t.secret+'\"]'),c=new RegExp(\"^https?:$\",\"i\"),i=0;i<o.length;i++)o[i].style.display=\"none\";for(i=0;i<a.length;i++)s=a[i],e.source===s.contentWindow&&(s.removeAttribute(\"style\"),\"height\"===t.message?(1e3<(r=parseInt(t.value,10))?r=1e3:~~r<200&&(r=200),s.height=r):\"link\"===t.message&&(r=new URL(s.getAttribute(\"src\")),n=new URL(t.value),c.test(n.protocol))&&n.host===r.host&&l.activeElement===s&&(d.top.location.href=t.value))}},d.addEventListener(\"message\",d.wp.receiveEmbedMessage,!1),l.addEventListener(\"DOMContentLoaded\",function(){for(var e,t,s=l.querySelectorAll(\"iframe.wp-embedded-content\"),r=0;r<s.length;r++)(t=(e=s[r]).getAttribute(\"data-secret\"))||(t=Math.random().toString(36).substring(2,12),e.src+=\"#?secret=\"+t,e.setAttribute(\"data-secret\",t)),e.contentWindow.postMessage({message:\"ready\",secret:t},\"*\")},!1)))}(window,document);\n<\/script>\n","description":"Olemme saaneet asiakkailta useita kyselyj\u00e4, joissa ilmaistaan huolta siit\u00e4, onko \u00e4lylaitteista (matkapuhelin, kannettava tietokone jne.) 01.04.2021 alkaen maksettava veroa. Puhekielell\u00e4 sit\u00e4 kutsutaan my\u00f6s digiveroksi. Googlattaessa l\u00f6ytyy useita pieni\u00e4 artikkeleita, joiden mukaan veronmaksajien tulisi alkaa maksaa t\u00e4n\u00e4 vuonna jopa kolme euroa \u00e4lylaitteiden k\u00e4yt\u00f6st\u00e4. Mik\u00e4 sitten todella muuttui ja keneen se muutos vaikuttaa? \u00a0 Yht\u00e4\u00e4lt\u00e4 mik\u00e4\u00e4n vallankumouksellista [&hellip;]"}

Älylaitteista perittävä maksu eli yksityisen kopioinnin maksu &#8211; Leinonen Estonia

<blockquote class="wp-embedded-content" data-secret="5SOySEDGEr"><a href="https://leinonen.eu/est/fi/news/alylaitteista-perittava-maksu-eli-yksityisen-kopioinnin-maksu/">Älylaitteista perittävä maksu eli yksityisen kopioinnin maksu</a></blockquote><iframe sandbox="allow-scripts" security="restricted" src="https://leinonen.eu/est/fi/news/alylaitteista-perittava-maksu-eli-yksityisen-kopioinnin-maksu/embed/#?secret=5SOySEDGEr" width="600" height="338" title="&#8221;Älylaitteista perittävä maksu eli yksityisen kopioinnin maksu&#8221; &#8212; Leinonen Estonia" data-secret="5SOySEDGEr" frameborder="0" marginwidth="0" marginheight="0" scrolling="no" class="wp-embedded-content"></iframe><script>
/*! This file is auto-generated */
!function(d,l){"use strict";l.querySelector&&d.addEventListener&&"undefined"!=typeof URL&&(d.wp=d.wp||{},d.wp.receiveEmbedMessage||(d.wp.receiveEmbedMessage=function(e){var t=e.data;if((t||t.secret||t.message||t.value)&&!/[^a-zA-Z0-9]/.test(t.secret)){for(var s,r,n,a=l.querySelectorAll('iframe[data-secret="'+t.secret+'"]'),o=l.querySelectorAll('blockquote[data-secret="'+t.secret+'"]'),c=new RegExp("^https?:$","i"),i=0;i<o.length;i++)o[i].style.display="none";for(i=0;i<a.length;i++)s=a[i],e.source===s.contentWindow&&(s.removeAttribute("style"),"height"===t.message?(1e3<(r=parseInt(t.value,10))?r=1e3:~~r<200&&(r=200),s.height=r):"link"===t.message&&(r=new URL(s.getAttribute("src")),n=new URL(t.value),c.test(n.protocol))&&n.host===r.host&&l.activeElement===s&&(d.top.location.href=t.value))}},d.addEventListener("message",d.wp.receiveEmbedMessage,!1),l.addEventListener("DOMContentLoaded",function(){for(var e,t,s=l.querySelectorAll("iframe.wp-embedded-content"),r=0;r<s.length;r++)(t=(e=s[r]).getAttribute("data-secret"))||(t=Math.random().toString(36).substring(2,12),e.src+="#?secret="+t,e.setAttribute("data-secret",t)),e.contentWindow.postMessage({message:"ready",secret:t},"*")},!1)))}(window,document);
</script>

Olemme saaneet asiakkailta useita kyselyjä, joissa ilmaistaan huolta siitä, onko älylaitteista (matkapuhelin, kannettava tietokone jne.) 01.04.2021 alkaen maksettava veroa. Puhekielellä sitä kutsutaan myös digiveroksi. Googlattaessa löytyy useita pieniä artikkeleita, joiden mukaan veronmaksajien tulisi alkaa maksaa tänä vuonna jopa kolme euroa älylaitteiden käytöstä. Mikä sitten todella muuttui ja keneen se muutos vaikuttaa?   Yhtäältä mikään vallankumouksellista [&hellip;]
